{"id":26,"date":"2025-09-21T20:06:02","date_gmt":"2025-09-21T19:06:02","guid":{"rendered":"http:\/\/gnadenhof-villa-bunt-a-hund.de\/?page_id=26"},"modified":"2026-03-08T07:06:10","modified_gmt":"2026-03-08T06:06:10","slug":"unser-team","status":"publish","type":"page","link":"https:\/\/gnadenhof-villa-bunt-a-hund.de\/Zuhause\/zuhause\/unser-team\/","title":{"rendered":"Unser Team"},"content":{"rendered":"\n<div class=\"wp-block-media-text is-stacked-on-mobile\" style=\"grid-template-columns:29% auto\"><figure class=\"wp-block-media-text__media\"><img loading=\"lazy\" decoding=\"async\" width=\"267\" height=\"400\" src=\"https:\/\/gnadenhof-villa-bunt-a-hund.de\/wp-content\/uploads\/2025\/10\/vorstellung.jpeg\" alt=\"\" class=\"wp-image-191 size-full\" srcset=\"https:\/\/gnadenhof-villa-bunt-a-hund.de\/wp-content\/uploads\/2025\/10\/vorstellung.jpeg 267w, https:\/\/gnadenhof-villa-bunt-a-hund.de\/wp-content\/uploads\/2025\/10\/vorstellung-200x300.jpeg 200w\" sizes=\"auto, (max-width: 267px) 100vw, 267px\" \/><\/figure><div class=\"wp-block-media-text__content\">\n<p>Das Team vom Gnadenhof Villa Bunt-a-Hund e.V. m\u00f6chte sich Euch auch gerne vorstellen! Uns ist die Transparenz von unserem Verein sehr wichtig und ihr sollt auch sehen, wer dahinter steckt! Daswegen stellt sich hier jeder kurz vor mit seiner Geschichte, wie er zum Tierschutz bzw. zum Gnadenhof Villa Bunt-a-Hund e.V. gekommen ist.<\/p>\n\n\n\n<p>Wenn ihr euch gerne unserem Team anschlie\u00dfen wollt, k\u00f6nnt ihr uns gerne kontaktieren, am Besten bei unserer 1.Vorsitzenden Skadi Wiebiralski! Wir freuen uns auf eure Nachricht!<\/p>\n<\/div><\/div>\n\n\n\n<h2 class=\"wp-block-heading has-text-align-center\">Teamvorstellung<\/h2>\n\n\n\n<div class=\"wp-block-columns is-layout-flex wp-container-core-columns-is-layout-28f84493 wp-block-columns-is-layout-flex\">\n<div class=\"wp-block-column is-layout-flow wp-block-column-is-layout-flow\" style=\"flex-basis:33.33%\">\n<figure class=\"wp-block-image size-full is-resized\"><img loading=\"lazy\" decoding=\"async\" width=\"225\" height=\"400\" src=\"https:\/\/gnadenhof-villa-bunt-a-hund.de\/wp-content\/uploads\/2025\/10\/skadi.jpeg\" alt=\"\" class=\"wp-image-303\" style=\"width:290px;height:auto\" srcset=\"https:\/\/gnadenhof-villa-bunt-a-hund.de\/wp-content\/uploads\/2025\/10\/skadi.jpeg 225w, https:\/\/gnadenhof-villa-bunt-a-hund.de\/wp-content\/uploads\/2025\/10\/skadi-169x300.jpeg 169w\" sizes=\"auto, (max-width: 225px) 100vw, 225px\" \/><\/figure>\n<\/div>\n\n\n\n<div class=\"wp-block-column is-layout-flow wp-block-column-is-layout-flow\" style=\"flex-basis:66.66%\">\n<h2 class=\"wp-block-heading\">Skadi Wiebiralski &#8211; 1.Vorsitzende<\/h2>\n\n\n\n<p>Ich bin Skadi,  42 Jahre, Mutter von drei Kindern &#8211; und Tiersch\u00fctzerin mit Leib und Seele. Seit mehr als 20 Jahren schl\u00e4gt mein Herz f\u00fcr jene, die keine Stimme haben. Angefangen hat alles mit Pflegetieren, die nur kurz bei mir bleiben sollten. Doch das Leben hat mich dorthin gef\u00fchrt, wo kaum jemand hinschaut: zu den alten, kranken und schwer vermittelbaren Hunden.<br>Gerade diese Tiere haben mich am meisten ber\u00fchrt. Sie tragen Geschichten in ihren Augen, Narben auf ihrer Seele &#8211; und doch schenken sie unendliche Liebe, wenn man ihnen eine Chance gibt. Ich habe gelernt: Tierschutz ist nicht gleich Tierschutz.Es geht nicht nur darum, ein Tier schnell zu vermitteln, sondern darum, ihm W\u00fcrde, Geborgenheit und Sicherheit zu geben. Besonders am Herzen liegt mir auch Menschen zu begleiten, die sich aus Not von ihrem geliebten Tier trennen m\u00fcssen. Ich m\u00f6chte ihnen den schweren Abschied ein St\u00fcck leichter machen, indem sie wissen: lhr treuer Gef\u00e4hrte bleibt beh\u00fctet, geliebt und in guten H\u00e4nden. Ebenso wichtig ist mir, Kindern den liebevollen Umgang mit alten und schwachen Tieren zu zeigen &#8211; denn Mitgef\u00fchl und Respekt sind Werte, die wir weitergeben m\u00fcssen!<br>So ist der Gnadenhof Villa Bunt-a-Hund entstanden &#8211; ein Ort voller Farben, Hoffnung und Liebe. Hier d\u00fcrfen Tiere, die sonst niemand mehr haben will, einfach Tier sein. Hier z\u00e4hlen nicht Alter oder Krankheit, sondern nur das Herz.<br>Der Gnadenhof Villa Bunt-a-Hund ist mein Herzensprojekt, mein Versprechen an all die treuen Seelen, die sonst vergessen werden w\u00fcrden!<\/p>\n<\/div>\n<\/div>\n\n\n\n<div class=\"wp-block-columns is-layout-flex wp-container-core-columns-is-layout-28f84493 wp-block-columns-is-layout-flex\">\n<div class=\"wp-block-column is-layout-flow wp-block-column-is-layout-flow\" style=\"flex-basis:33.33%\">\n<figure class=\"wp-block-image size-full\"><img loading=\"lazy\" decoding=\"async\" width=\"356\" height=\"267\" src=\"https:\/\/gnadenhof-villa-bunt-a-hund.de\/wp-content\/uploads\/2025\/10\/marcel.jpeg\" alt=\"\" class=\"wp-image-261\" srcset=\"https:\/\/gnadenhof-villa-bunt-a-hund.de\/wp-content\/uploads\/2025\/10\/marcel.jpeg 356w, https:\/\/gnadenhof-villa-bunt-a-hund.de\/wp-content\/uploads\/2025\/10\/marcel-300x225.jpeg 300w\" sizes=\"auto, (max-width: 356px) 100vw, 356px\" \/><\/figure>\n<\/div>\n\n\n\n<div class=\"wp-block-column is-layout-flow wp-block-column-is-layout-flow\" style=\"flex-basis:66.66%\">\n<h2 class=\"wp-block-heading\">Marcel Wiebiralski &#8211; 2.Vorsitzende<\/h2>\n\n\n\n<p>Ich bin Marcel, 52 Jahre und komme urspr\u00fcnglich aus Hannover. Ich bin mit Hunden (Boxer, Dackel, Dalmatiner), V\u00f6geln und Fischen gro\u00df geworden. Zum Tierschutz bin ich allerdings erst durch meine Frau Skadi gekommen, die sich schon l\u00e4nger intensiv mit dem Thema besch\u00e4ftigt hat. Vor dem Tierschutz hatten wir bereits Aquarien, sowie 4 Hunde und Kaninchen. Unseren ersten Pflegehund bekamen wir 2019 aus Rum\u00e4nien. 2020 kam dann unsere erste Tierschutz-H\u00fcndin direkt aus der T\u00f6tung in Rum\u00e4nien zu uns. Seitdem waren wir immer wieder Pflegestelle f\u00fcr schwer vermittelbare, alte oder kranke Hunde aus dem Ausland. Dabei sind auch immer wieder mal Hunde bei uns geblieben, welche nicht vermittelbar waren. Au\u00dferdem haben wir Angsthunde oder Beisser bei uns aufgenommen, welche sonst keine Chance auf ein Zuhause gehabt h\u00e4tten. Ebenso fanden bei uns diverse Hasen und Meerschweinchen ihr Happy End. Selbst eine griechische Landschildkr\u00f6te geh\u00f6rt zu unserer Familie Bunt-a-Hund, welche ich beim Gassi gehen fand. Wir haben in den Jahren schon mit diversen Tierschutz-Vereinen zusammen gearbeitet und auch Transport-Fahrten f\u00fcr den Tierschutz \u00fcbernommen. Aber wir haben festgestellt, das Tierschutz nicht gleich Tierschutz ist. Viele Hunde wurden zur\u00fcck gegeben, weil leider viele Adoptanten sich nicht die M\u00fche machen mit einem Tier zu arbeiten. Es fehlt meist an Geduld und Emphatie. Genau f\u00fcr solche Tiere m\u00f6chte ich einstehen, die, die nicht perfekt sind! Vielleicht alt, krank oder behindert, oder gar keinen Umgang mit Menschen kennen. Jedes Tier hat eine Chance auf Liebe und Geborgenheit verdient! Je mehr Tierleid man erf\u00e4hrt, umso mehr m\u00f6chte man helfen, um den ungewollten oder kranken Tieren einen sch\u00f6nen Lebensabend zu erm\u00f6glichen. <br>Tierschutz ist f\u00fcr mich eine Herzenssache!<\/p>\n<\/div>\n<\/div>\n\n\n\n<div class=\"wp-block-columns is-layout-flex wp-container-core-columns-is-layout-28f84493 wp-block-columns-is-layout-flex\">\n<div class=\"wp-block-column is-layout-flow wp-block-column-is-layout-flow\" style=\"flex-basis:33.33%\">\n<figure class=\"wp-block-image size-full is-resized\"><img loading=\"lazy\" decoding=\"async\" width=\"225\" height=\"400\" src=\"https:\/\/gnadenhof-villa-bunt-a-hund.de\/wp-content\/uploads\/2025\/10\/manuela.jpeg\" alt=\"\" class=\"wp-image-207\" style=\"width:290px;height:auto\" srcset=\"https:\/\/gnadenhof-villa-bunt-a-hund.de\/wp-content\/uploads\/2025\/10\/manuela.jpeg 225w, https:\/\/gnadenhof-villa-bunt-a-hund.de\/wp-content\/uploads\/2025\/10\/manuela-169x300.jpeg 169w\" sizes=\"auto, (max-width: 225px) 100vw, 225px\" \/><\/figure>\n<\/div>\n\n\n\n<div class=\"wp-block-column is-layout-flow wp-block-column-is-layout-flow\" style=\"flex-basis:66.66%\">\n<h2 class=\"wp-block-heading\">Manuela Alisch &#8211; Schatzmeisterin<\/h2>\n\n\n\n<p>Ich bin Manuela und 55 Jahre alt und arbeite als Verwaltungsangestellte.<br>Ich bin eine 2-fache Katzenmama und habe schon immer Tiere, aber besonders Katzen geliebt, wegen ihres eigenen Charakters und doch sind sie Seelentiere und k\u00f6nnen sehr soziale und anh\u00e4ngliche Bindungen zu Menschen aufbauen. Sie haben ein besonderes Gesp\u00fcr, wenn man sie braucht als Seelentr\u00f6ster.<br>Ich bin in dem Gnadenhof Villa-Bunt-a-Hund, weil mich der Gedanke selbst besch\u00e4ftigt: Was wird mit meinen Tieren, wenn mit mir etwas passiert\u2026.und noch hatte keiner dieses Thema so wirklich im Sinn: Was wird aus verwaisten Tieren?<br>Da ist der Gnadenhof die ideale L\u00f6sung f\u00fcr alle Tiere, die ein neues Zuhause und Schutz suchen oder einfach nicht mehr gewollt werden, weil sie alt oder krank sind.<\/p>\n<\/div>\n<\/div>\n\n\n\n<div class=\"wp-block-columns is-layout-flex wp-container-core-columns-is-layout-28f84493 wp-block-columns-is-layout-flex\">\n<div class=\"wp-block-column is-layout-flow wp-block-column-is-layout-flow\" style=\"flex-basis:33.33%\">\n<figure class=\"wp-block-image size-full is-resized\"><img loading=\"lazy\" decoding=\"async\" width=\"225\" height=\"400\" src=\"https:\/\/gnadenhof-villa-bunt-a-hund.de\/wp-content\/uploads\/2025\/10\/yvonne.jpeg\" alt=\"\" class=\"wp-image-215\" style=\"width:290px;height:auto\" srcset=\"https:\/\/gnadenhof-villa-bunt-a-hund.de\/wp-content\/uploads\/2025\/10\/yvonne.jpeg 225w, https:\/\/gnadenhof-villa-bunt-a-hund.de\/wp-content\/uploads\/2025\/10\/yvonne-169x300.jpeg 169w\" sizes=\"auto, (max-width: 225px) 100vw, 225px\" \/><\/figure>\n<\/div>\n\n\n\n<div class=\"wp-block-column is-layout-flow wp-block-column-is-layout-flow\" style=\"flex-basis:66.66%\">\n<h2 class=\"wp-block-heading\">Yvonne Wustereck &#8211; Schriftf\u00fchrerin<\/h2>\n\n\n\n<p>Ich bin Yvonne, 66 Jahre und schon ein bisschen weise. Noch bin ich als Dozentin in der Erwachsenenbildung t\u00e4tig und viel unterwegs. Das \u00e4ndert sich aber n\u00e4chstes Jahr.<br>Tiere waren immer Bestandteil meines Lebens: Hunde, Katzen, Meerschweinchen, Kaninchen und wenn man Bienen als Haustiere betrachten m\u00f6chte, auch diese. Derzeit d\u00fcrfen 2 \u00e4ltere Kater bei mir ihren Lebensabend verbringen. Ich bin \u00fcberzeugt, dass die beiden mir eine Botschaft aus dem Tierheim geschickt haben, damit ich ihnen ein Zuhause geben kann. <br>Seit Jahren bin ich bereits Mitglied im WWF und NaBu. Jetzt m\u00f6chte ich mich aktiv am Tierschutz beteiligen. Inwieweit ich mich noch einbringen kann ausser als Schreiberling wird sich zeigen!<\/p>\n<\/div>\n<\/div>\n\n\n\n<div class=\"wp-block-columns is-layout-flex wp-container-core-columns-is-layout-28f84493 wp-block-columns-is-layout-flex\">\n<div class=\"wp-block-column is-layout-flow wp-block-column-is-layout-flow\" style=\"flex-basis:33.33%\">\n<figure class=\"wp-block-image size-full is-resized\"><img loading=\"lazy\" decoding=\"async\" width=\"267\" height=\"356\" src=\"https:\/\/gnadenhof-villa-bunt-a-hund.de\/wp-content\/uploads\/2025\/10\/miriam.jpeg\" alt=\"\" class=\"wp-image-209\" style=\"width:290px;height:auto\" srcset=\"https:\/\/gnadenhof-villa-bunt-a-hund.de\/wp-content\/uploads\/2025\/10\/miriam.jpeg 267w, https:\/\/gnadenhof-villa-bunt-a-hund.de\/wp-content\/uploads\/2025\/10\/miriam-225x300.jpeg 225w\" sizes=\"auto, (max-width: 267px) 100vw, 267px\" \/><\/figure>\n<\/div>\n\n\n\n<div class=\"wp-block-column is-layout-flow wp-block-column-is-layout-flow\" style=\"flex-basis:66.66%\">\n<h2 class=\"wp-block-heading\">Miriam Schneider<\/h2>\n\n\n\n<p>Ich bin Miriam, 62 Jahre alt und in Rente. Ich war schon immer total verr\u00fcckt nach Tieren. Mein erster Hund, ein Sch\u00e4ferhund, kam aus dem Tierheim und seitdem komme ich nicht mehr von Hunden los. Zur Zeit wohnt eine Welsh-Corgi-Mix H\u00fcndin aus Rum\u00e4nien bei mir.<br>Ich bin im Team Gnadenhof Villa Bunt-a-Hund, weil ich alten oder nicht mehr gewollten Tieren ein neues, sch\u00f6nes Zuhause und eine Stimme geben will.<\/p>\n<\/div>\n<\/div>\n\n\n\n<div class=\"wp-block-columns is-layout-flex wp-container-core-columns-is-layout-28f84493 wp-block-columns-is-layout-flex\">\n<div class=\"wp-block-column is-layout-flow wp-block-column-is-layout-flow\" style=\"flex-basis:33.33%\">\n<figure class=\"wp-block-image size-large\"><img loading=\"lazy\" decoding=\"async\" width=\"930\" height=\"1024\" src=\"https:\/\/gnadenhof-villa-bunt-a-hund.de\/wp-content\/uploads\/2026\/02\/Joana-930x1024.jpg\" alt=\"\" class=\"wp-image-515\" srcset=\"https:\/\/gnadenhof-villa-bunt-a-hund.de\/wp-content\/uploads\/2026\/02\/Joana-930x1024.jpg 930w, https:\/\/gnadenhof-villa-bunt-a-hund.de\/wp-content\/uploads\/2026\/02\/Joana-273x300.jpg 273w, https:\/\/gnadenhof-villa-bunt-a-hund.de\/wp-content\/uploads\/2026\/02\/Joana-768x845.jpg 768w, https:\/\/gnadenhof-villa-bunt-a-hund.de\/wp-content\/uploads\/2026\/02\/Joana-909x1000.jpg 909w, https:\/\/gnadenhof-villa-bunt-a-hund.de\/wp-content\/uploads\/2026\/02\/Joana-600x660.jpg 600w, https:\/\/gnadenhof-villa-bunt-a-hund.de\/wp-content\/uploads\/2026\/02\/Joana.jpg 1024w\" sizes=\"auto, (max-width: 930px) 100vw, 930px\" \/><\/figure>\n<\/div>\n\n\n\n<div class=\"wp-block-column is-layout-flow wp-block-column-is-layout-flow\" style=\"flex-basis:66.66%\">\n<h2 class=\"wp-block-heading\">Joana Koesler &#8211; Content Creator<\/h2>\n\n\n\n<p>Ich bin Joana, 40 Jahre alt und arbeite hauptberuflich in der It-Branche und bin das neueste Mitglied im Team.<br>Schon mein ganzes Leben lang war ich lieber von Tieren als von Menschen umgeben, denn Tiere schenken Liebe, Vertrauen und N\u00e4he &#8211; ganz ohne Bedingungen. Genau das ber\u00fchrt mich jeden Tag aufs Neue und ist auch der Grund, warum ich mich schon sehr auf diese Aufgabe freue.<br>Gemeinsam k\u00f6nnen wir Aufkl\u00e4rung, Schutz und Liebe weiter in die Welt tragen &#8211; f\u00fcr die Tiere, die uns brauchen. Ob Hund, Katze, Meerschweinchen oder Huhn: Jedes Tier hat es verdient in Sicherheit zu leben, respektiert und geliebt zu werden.<\/p>\n<\/div>\n<\/div>\n\n\n\n<div class=\"wp-block-columns is-layout-flex wp-container-core-columns-is-layout-28f84493 wp-block-columns-is-layout-flex\">\n<div class=\"wp-block-column is-layout-flow wp-block-column-is-layout-flow\" style=\"flex-basis:33.33%\">\n<figure class=\"wp-block-image size-large\"><img loading=\"lazy\" decoding=\"async\" width=\"683\" height=\"1024\" src=\"https:\/\/gnadenhof-villa-bunt-a-hund.de\/wp-content\/uploads\/2026\/02\/Silke-1-683x1024.jpeg\" alt=\"\" class=\"wp-image-538\" srcset=\"https:\/\/gnadenhof-villa-bunt-a-hund.de\/wp-content\/uploads\/2026\/02\/Silke-1-683x1024.jpeg 683w, https:\/\/gnadenhof-villa-bunt-a-hund.de\/wp-content\/uploads\/2026\/02\/Silke-1-200x300.jpeg 200w, https:\/\/gnadenhof-villa-bunt-a-hund.de\/wp-content\/uploads\/2026\/02\/Silke-1-768x1151.jpeg 768w, https:\/\/gnadenhof-villa-bunt-a-hund.de\/wp-content\/uploads\/2026\/02\/Silke-1-1025x1536.jpeg 1025w, https:\/\/gnadenhof-villa-bunt-a-hund.de\/wp-content\/uploads\/2026\/02\/Silke-1-667x1000.jpeg 667w, https:\/\/gnadenhof-villa-bunt-a-hund.de\/wp-content\/uploads\/2026\/02\/Silke-1-600x900.jpeg 600w, https:\/\/gnadenhof-villa-bunt-a-hund.de\/wp-content\/uploads\/2026\/02\/Silke-1.jpeg 1334w\" sizes=\"auto, (max-width: 683px) 100vw, 683px\" \/><\/figure>\n<\/div>\n\n\n\n<div class=\"wp-block-column is-layout-flow wp-block-column-is-layout-flow\" style=\"flex-basis:66.66%\">\n<h2 class=\"wp-block-heading\">Silke Steffens &#8211; Social Media<\/h2>\n\n\n\n<p>Mein Name ist Silke, ich bin Mutter von zwei Teenagern und habe zwei Katzen und Hunde. Meine Tiere waren schon immer aus dem Tierschutz. Die Katzen waren immer ungewollte Tiere, die bei mir ihr &#8222;F\u00fcr-immer-Zuhause&#8220; gefunden haben. Meine Hunde stammen aus dem Auslandsschutz. Wobei ich auch immer noch sage, dass nicht jeder Hund gerettet werden muss und kann.<br>Meine Fila, die kleine H\u00fcndin, ist so ein Fall. Sie w\u00e4re besser auf der Stra\u00dfe geblieben, wenn sie k\u00f6rperlich nicht derartige Probleme gehabt h\u00e4tte. Bei mir findet sie Verst\u00e4ndnis und Probleml\u00f6sungen. Der Alltag mit ihr wird durch Fila bestimmt und ist gewiss nicht einfach. Viele Entbehrungen, viel R\u00fccksichtsnahme, auch die Einsicht was man machen kann und was besser nicht, musste ich lernen.<br>Raven, meine gro\u00dfe H\u00fcndin, hat das Waldleben in Ungarn mit Kusshand gegen ein Leben mit warmen K\u00f6rbchen, t\u00e4gliche Futter und Kuscheleinheiten eingetauscht. Sie k\u00f6nnte sich wohl nicht mehr vorstellen sich selbst zu versorgen, obwohl sie es k\u00f6nnte.<br>Meine Katze Lucy ist vor 10 Jahren mit einer Vergiftung zu mir gekommen. Sie wollte man mit Rattengift aus dieser Welt schaffen. Und Lucy ist eine Seele von Katze. Sie ist so unendlich liebevoll, geduldig und vorallem lustig.<br>Die Katze meiner Tochter hei\u00dft Klee. Sie ist ein kleiner roter Teufel auf vier Pfoten. Auch sie kam aus schwierigen Verh\u00e4ltnissen zu uns und musste erstmal lernen, was Katzenfutter und Regeln sind. Klee ist eine kleine intelligente Katze, die gelernt hat, wie sie mit uns kommunizieren kann. Auf ihre eigene Art und Weise zeigt sie was sie m\u00f6chte.<br>Ich selbst bin Lohn- und Gehaltsbuchhalterin bei einem Steuerberater und liebe meinen Job, sowie die Tiere. Da ich meinen Job rein im Homeoffice ausf\u00fchren kann, habe ich die Zeit f\u00fcr meine verhaltensoriginellen Tiere und helfe seit Neuestem auch dem Verein &#8222;Gnadenhof Villa Bunt-a-Hund e.V.&#8220;.<\/p>\n<\/div>\n<\/div>\n","protected":false},"excerpt":{"rendered":"<p>Das Team vom Gnadenhof Villa Bunt-a-Hund e.V. m\u00f6chte sich Euch auch gerne vorstellen! Uns ist die Transparenz von unserem Verein sehr wichtig und [&hellip;]<\/p>\n","protected":false},"author":1,"featured_media":0,"parent":0,"menu_order":0,"comment_status":"closed","ping_status":"closed","template":"","meta":{"footnotes":""},"class_list":["post-26","page","type-page","status-publish","hentry"],"featured_image_src":null,"featured_image_url":[],"post_author":"admin","assigned_categories":"","_links":{"self":[{"href":"https:\/\/gnadenhof-villa-bunt-a-hund.de\/Zuhause\/zuhause\/wp-json\/wp\/v2\/pages\/26","targetHints":{"allow":["GET"]}}],"collection":[{"href":"https:\/\/gnadenhof-villa-bunt-a-hund.de\/Zuhause\/zuhause\/wp-json\/wp\/v2\/pages"}],"about":[{"href":"https:\/\/gnadenhof-villa-bunt-a-hund.de\/Zuhause\/zuhause\/wp-json\/wp\/v2\/types\/page"}],"author":[{"embeddable":true,"href":"https:\/\/gnadenhof-villa-bunt-a-hund.de\/Zuhause\/zuhause\/wp-json\/wp\/v2\/users\/1"}],"replies":[{"embeddable":true,"href":"https:\/\/gnadenhof-villa-bunt-a-hund.de\/Zuhause\/zuhause\/wp-json\/wp\/v2\/comments?post=26"}],"version-history":[{"count":17,"href":"https:\/\/gnadenhof-villa-bunt-a-hund.de\/Zuhause\/zuhause\/wp-json\/wp\/v2\/pages\/26\/revisions"}],"predecessor-version":[{"id":609,"href":"https:\/\/gnadenhof-villa-bunt-a-hund.de\/Zuhause\/zuhause\/wp-json\/wp\/v2\/pages\/26\/revisions\/609"}],"wp:attachment":[{"href":"https:\/\/gnadenhof-villa-bunt-a-hund.de\/Zuhause\/zuhause\/wp-json\/wp\/v2\/media?parent=26"}],"curies":[{"name":"wp","href":"https:\/\/api.w.org\/{rel}","templated":true}]}}