{"id":638,"date":"2026-03-08T13:38:29","date_gmt":"2026-03-08T12:38:29","guid":{"rendered":"https:\/\/gnadenhof-villa-bunt-a-hund.de\/Zuhause\/zuhause\/?page_id=638"},"modified":"2026-03-08T13:38:41","modified_gmt":"2026-03-08T12:38:41","slug":"aktuelles-2","status":"publish","type":"page","link":"https:\/\/gnadenhof-villa-bunt-a-hund.de\/Zuhause\/zuhause\/aktuelles-2\/","title":{"rendered":"Aktuelles"},"content":{"rendered":"\n<p>Hier m\u00f6chten wir Euch immer auf dem Laufenden halten:<\/p>\n\n\n\n<div class=\"wp-block-query is-layout-flow wp-block-query-is-layout-flow\"><ul class=\"wp-block-post-template is-layout-flow wp-block-post-template-is-layout-flow\"><li class=\"wp-block-post post-585 post type-post status-publish format-standard has-post-thumbnail hentry category-news tag-spende\">\n\n<div class=\"wp-block-group is-layout-flow wp-container-core-group-is-layout-180ffd08 wp-block-group-is-layout-flow\" style=\"margin-bottom:1.25vw;padding-top:0.5rem;padding-right:0.5rem;padding-left:0.5rem\">\n<div class=\"wp-block-columns is-layout-flex wp-container-core-columns-is-layout-5cd39e32 wp-block-columns-is-layout-flex\" style=\"padding-bottom:0.5rem\">\n<div class=\"wp-block-column is-layout-flow wp-block-column-is-layout-flow\" style=\"flex-basis:40%\"><figure style=\"margin-top:0rem;margin-bottom:0rem;\" class=\"is-style-full-height wp-block-post-featured-image\"><a href=\"https:\/\/gnadenhof-villa-bunt-a-hund.de\/Zuhause\/zuhause\/news\/vielen-dank-an-hornbach-ludwigsfelde\/\" target=\"_self\"  ><img loading=\"lazy\" decoding=\"async\" width=\"563\" height=\"1000\" src=\"https:\/\/gnadenhof-villa-bunt-a-hund.de\/wp-content\/uploads\/2026\/03\/Hornbach-563x1000.jpeg\" class=\"attachment-post-thumbnail size-post-thumbnail wp-post-image\" alt=\"Vielen Dank an HORNBACH Ludwigsfelde\" style=\"object-fit:cover;\" srcset=\"https:\/\/gnadenhof-villa-bunt-a-hund.de\/wp-content\/uploads\/2026\/03\/Hornbach-563x1000.jpeg 563w, https:\/\/gnadenhof-villa-bunt-a-hund.de\/wp-content\/uploads\/2026\/03\/Hornbach-169x300.jpeg 169w, https:\/\/gnadenhof-villa-bunt-a-hund.de\/wp-content\/uploads\/2026\/03\/Hornbach-576x1024.jpeg 576w, https:\/\/gnadenhof-villa-bunt-a-hund.de\/wp-content\/uploads\/2026\/03\/Hornbach-768x1365.jpeg 768w, https:\/\/gnadenhof-villa-bunt-a-hund.de\/wp-content\/uploads\/2026\/03\/Hornbach-864x1536.jpeg 864w, https:\/\/gnadenhof-villa-bunt-a-hund.de\/wp-content\/uploads\/2026\/03\/Hornbach-600x1066.jpeg 600w, https:\/\/gnadenhof-villa-bunt-a-hund.de\/wp-content\/uploads\/2026\/03\/Hornbach.jpeg 1148w\" sizes=\"auto, (max-width: 563px) 100vw, 563px\" \/><\/a><\/figure><\/div>\n\n\n\n<div class=\"wp-block-column is-layout-flow wp-block-column-is-layout-flow\" style=\"flex-basis:60%\"><h2 class=\"wp-block-post-title\"><a href=\"https:\/\/gnadenhof-villa-bunt-a-hund.de\/Zuhause\/zuhause\/news\/vielen-dank-an-hornbach-ludwigsfelde\/\" target=\"_self\" >Vielen Dank an HORNBACH Ludwigsfelde<\/a><\/h2>\n\n\n<div class=\"wp-block-group has-gray-color has-text-color is-layout-flex wp-container-core-group-is-layout-b5930431 wp-block-group-is-layout-flex\" style=\"margin-top:0.75rem\"><div class=\"has-link-color wp-elements-cce4fe03f4688743d15c97fe3593e3df wp-block-post-date\"><time datetime=\"2026-02-20T23:37:00+01:00\"><a href=\"https:\/\/gnadenhof-villa-bunt-a-hund.de\/Zuhause\/zuhause\/news\/vielen-dank-an-hornbach-ludwigsfelde\/\">20. Februar 2026<\/a><\/time><\/div>\n\n\n<p>\u2013<\/p>\n\n\n<div class=\"wp-block-post-author\"><div class=\"wp-block-post-author__content\"><p class=\"wp-block-post-author__name\">admin<\/p><\/div><\/div>\n\n\n<p>\u2013<\/p>\n\n\n<div class=\"taxonomy-category has-link-color wp-elements-1650d40ee784534aa037472d17cd5245 wp-block-post-terms\"><a href=\"https:\/\/gnadenhof-villa-bunt-a-hund.de\/Zuhause\/zuhause\/category\/news\/\" rel=\"tag\">News<\/a><\/div><\/div>\n\n\n<div class=\"is-style-read-more-button wp-block-post-excerpt\"><p class=\"wp-block-post-excerpt__excerpt\">Vielen Dank an HORNBACH Ludwigsfelde f\u00fcr die gro\u00dfz\u00fcgige Unterst\u00fctzung unseres Gnadenhofs! Durch die Spende von 5 S\u00e4cken Pinienrindenmulch, einem Schwerlastregal, sowie mehreren S\u00e4cken<\/p><p class=\"wp-block-post-excerpt__more-text\"><a class=\"wp-block-post-excerpt__more-link\" href=\"https:\/\/gnadenhof-villa-bunt-a-hund.de\/Zuhause\/zuhause\/news\/vielen-dank-an-hornbach-ludwigsfelde\/\">Weiterlesen&#8230;<\/a><\/p><\/div><\/div>\n<\/div>\n\n\n\n<hr class=\"wp-block-separator has-text-color has-light-gray-color has-alpha-channel-opacity has-light-gray-background-color has-background is-style-wide\"\/>\n<\/div>\n\n<\/li><li class=\"wp-block-post post-470 post type-post status-publish format-standard has-post-thumbnail hentry category-news tag-mitgliedschaft\">\n\n<div class=\"wp-block-group is-layout-flow wp-container-core-group-is-layout-180ffd08 wp-block-group-is-layout-flow\" style=\"margin-bottom:1.25vw;padding-top:0.5rem;padding-right:0.5rem;padding-left:0.5rem\">\n<div class=\"wp-block-columns is-layout-flex wp-container-core-columns-is-layout-5cd39e32 wp-block-columns-is-layout-flex\" style=\"padding-bottom:0.5rem\">\n<div class=\"wp-block-column is-layout-flow wp-block-column-is-layout-flow\" style=\"flex-basis:40%\"><figure style=\"margin-top:0rem;margin-bottom:0rem;\" class=\"is-style-full-height wp-block-post-featured-image\"><a href=\"https:\/\/gnadenhof-villa-bunt-a-hund.de\/Zuhause\/zuhause\/news\/mitglied-werden\/\" target=\"_self\"  ><img loading=\"lazy\" decoding=\"async\" width=\"307\" height=\"461\" src=\"https:\/\/gnadenhof-villa-bunt-a-hund.de\/wp-content\/uploads\/2026\/01\/mitgliedschaft.jpeg\" class=\"attachment-post-thumbnail size-post-thumbnail wp-post-image\" alt=\"Mitglied werden!\" style=\"object-fit:cover;\" srcset=\"https:\/\/gnadenhof-villa-bunt-a-hund.de\/wp-content\/uploads\/2026\/01\/mitgliedschaft.jpeg 307w, https:\/\/gnadenhof-villa-bunt-a-hund.de\/wp-content\/uploads\/2026\/01\/mitgliedschaft-200x300.jpeg 200w\" sizes=\"auto, (max-width: 307px) 100vw, 307px\" \/><\/a><\/figure><\/div>\n\n\n\n<div class=\"wp-block-column is-layout-flow wp-block-column-is-layout-flow\" style=\"flex-basis:60%\"><h2 class=\"wp-block-post-title\"><a href=\"https:\/\/gnadenhof-villa-bunt-a-hund.de\/Zuhause\/zuhause\/news\/mitglied-werden\/\" target=\"_self\" >Mitglied werden!<\/a><\/h2>\n\n\n<div class=\"wp-block-group has-gray-color has-text-color is-layout-flex wp-container-core-group-is-layout-b5930431 wp-block-group-is-layout-flex\" style=\"margin-top:0.75rem\"><div class=\"has-link-color wp-elements-cce4fe03f4688743d15c97fe3593e3df wp-block-post-date\"><time datetime=\"2026-01-02T14:25:15+01:00\"><a href=\"https:\/\/gnadenhof-villa-bunt-a-hund.de\/Zuhause\/zuhause\/news\/mitglied-werden\/\">2. Januar 2026<\/a><\/time><\/div>\n\n\n<p>\u2013<\/p>\n\n\n<div class=\"wp-block-post-author\"><div class=\"wp-block-post-author__content\"><p class=\"wp-block-post-author__name\">admin<\/p><\/div><\/div>\n\n\n<p>\u2013<\/p>\n\n\n<div class=\"taxonomy-category has-link-color wp-elements-1650d40ee784534aa037472d17cd5245 wp-block-post-terms\"><a href=\"https:\/\/gnadenhof-villa-bunt-a-hund.de\/Zuhause\/zuhause\/category\/news\/\" rel=\"tag\">News<\/a><\/div><\/div>\n\n\n<div class=\"is-style-read-more-button wp-block-post-excerpt\"><p class=\"wp-block-post-excerpt__excerpt\"><\/p><p class=\"wp-block-post-excerpt__more-text\"><a class=\"wp-block-post-excerpt__more-link\" href=\"https:\/\/gnadenhof-villa-bunt-a-hund.de\/Zuhause\/zuhause\/news\/mitglied-werden\/\">Weiterlesen&#8230;<\/a><\/p><\/div><\/div>\n<\/div>\n\n\n\n<hr class=\"wp-block-separator has-text-color has-light-gray-color has-alpha-channel-opacity has-light-gray-background-color has-background is-style-wide\"\/>\n<\/div>\n\n<\/li><li class=\"wp-block-post post-593 post type-post status-publish format-standard has-post-thumbnail hentry category-news category-veranstaltungen tag-veranstaltung tag-weihnachtsmarkt\">\n\n<div class=\"wp-block-group is-layout-flow wp-container-core-group-is-layout-180ffd08 wp-block-group-is-layout-flow\" style=\"margin-bottom:1.25vw;padding-top:0.5rem;padding-right:0.5rem;padding-left:0.5rem\">\n<div class=\"wp-block-columns is-layout-flex wp-container-core-columns-is-layout-5cd39e32 wp-block-columns-is-layout-flex\" style=\"padding-bottom:0.5rem\">\n<div class=\"wp-block-column is-layout-flow wp-block-column-is-layout-flow\" style=\"flex-basis:40%\"><figure style=\"margin-top:0rem;margin-bottom:0rem;\" class=\"is-style-full-height wp-block-post-featured-image\"><a href=\"https:\/\/gnadenhof-villa-bunt-a-hund.de\/Zuhause\/zuhause\/news\/weihnachtsmarkt-in-blankenfelde-mahlow\/\" target=\"_self\"  ><img loading=\"lazy\" decoding=\"async\" width=\"1420\" height=\"1000\" src=\"https:\/\/gnadenhof-villa-bunt-a-hund.de\/wp-content\/uploads\/2026\/03\/Weihnachtsmarkt1-1420x1000.jpeg\" class=\"attachment-post-thumbnail size-post-thumbnail wp-post-image\" alt=\"Weihnachtsmarkt in Blankenfelde-Mahlow\" style=\"object-fit:cover;\" srcset=\"https:\/\/gnadenhof-villa-bunt-a-hund.de\/wp-content\/uploads\/2026\/03\/Weihnachtsmarkt1-1420x1000.jpeg 1420w, https:\/\/gnadenhof-villa-bunt-a-hund.de\/wp-content\/uploads\/2026\/03\/Weihnachtsmarkt1-300x211.jpeg 300w, https:\/\/gnadenhof-villa-bunt-a-hund.de\/wp-content\/uploads\/2026\/03\/Weihnachtsmarkt1-1024x721.jpeg 1024w, https:\/\/gnadenhof-villa-bunt-a-hund.de\/wp-content\/uploads\/2026\/03\/Weihnachtsmarkt1-768x541.jpeg 768w, https:\/\/gnadenhof-villa-bunt-a-hund.de\/wp-content\/uploads\/2026\/03\/Weihnachtsmarkt1-1536x1082.jpeg 1536w, https:\/\/gnadenhof-villa-bunt-a-hund.de\/wp-content\/uploads\/2026\/03\/Weihnachtsmarkt1-600x422.jpeg 600w, https:\/\/gnadenhof-villa-bunt-a-hund.de\/wp-content\/uploads\/2026\/03\/Weihnachtsmarkt1.jpeg 2048w\" sizes=\"auto, (max-width: 1420px) 100vw, 1420px\" \/><\/a><\/figure><\/div>\n\n\n\n<div class=\"wp-block-column is-layout-flow wp-block-column-is-layout-flow\" style=\"flex-basis:60%\"><h2 class=\"wp-block-post-title\"><a href=\"https:\/\/gnadenhof-villa-bunt-a-hund.de\/Zuhause\/zuhause\/news\/weihnachtsmarkt-in-blankenfelde-mahlow\/\" target=\"_self\" >Weihnachtsmarkt in Blankenfelde-Mahlow<\/a><\/h2>\n\n\n<div class=\"wp-block-group has-gray-color has-text-color is-layout-flex wp-container-core-group-is-layout-b5930431 wp-block-group-is-layout-flex\" style=\"margin-top:0.75rem\"><div class=\"has-link-color wp-elements-cce4fe03f4688743d15c97fe3593e3df wp-block-post-date\"><time datetime=\"2025-12-07T20:51:45+01:00\"><a href=\"https:\/\/gnadenhof-villa-bunt-a-hund.de\/Zuhause\/zuhause\/news\/weihnachtsmarkt-in-blankenfelde-mahlow\/\">7. Dezember 2025<\/a><\/time><\/div>\n\n\n<p>\u2013<\/p>\n\n\n<div class=\"wp-block-post-author\"><div class=\"wp-block-post-author__content\"><p class=\"wp-block-post-author__name\">admin<\/p><\/div><\/div>\n\n\n<p>\u2013<\/p>\n\n\n<div class=\"taxonomy-category has-link-color wp-elements-1650d40ee784534aa037472d17cd5245 wp-block-post-terms\"><a href=\"https:\/\/gnadenhof-villa-bunt-a-hund.de\/Zuhause\/zuhause\/category\/news\/\" rel=\"tag\">News<\/a><span class=\"wp-block-post-terms__separator\">, <\/span><a href=\"https:\/\/gnadenhof-villa-bunt-a-hund.de\/Zuhause\/zuhause\/category\/veranstaltungen\/\" rel=\"tag\">Veranstaltungen<\/a><\/div><\/div>\n\n\n<div class=\"is-style-read-more-button wp-block-post-excerpt\"><p class=\"wp-block-post-excerpt__excerpt\">Weihnachtsmarkt in Blankenfelde-Mahlow \u2013 ein zauberhafter Tag f\u00fcr den Gnadenhof Villa Bunt-a-Hund e.V. Am 7. Dezember 2025 war es so weit: Der Weihnachtsmarkt<\/p><p class=\"wp-block-post-excerpt__more-text\"><a class=\"wp-block-post-excerpt__more-link\" href=\"https:\/\/gnadenhof-villa-bunt-a-hund.de\/Zuhause\/zuhause\/news\/weihnachtsmarkt-in-blankenfelde-mahlow\/\">Weiterlesen&#8230;<\/a><\/p><\/div><\/div>\n<\/div>\n\n\n\n<hr class=\"wp-block-separator has-text-color has-light-gray-color has-alpha-channel-opacity has-light-gray-background-color has-background is-style-wide\"\/>\n<\/div>\n\n<\/li><li class=\"wp-block-post post-361 post type-post status-publish format-standard has-post-thumbnail hentry category-news tag-gnadenhof\">\n\n<div class=\"wp-block-group is-layout-flow wp-container-core-group-is-layout-180ffd08 wp-block-group-is-layout-flow\" style=\"margin-bottom:1.25vw;padding-top:0.5rem;padding-right:0.5rem;padding-left:0.5rem\">\n<div class=\"wp-block-columns is-layout-flex wp-container-core-columns-is-layout-5cd39e32 wp-block-columns-is-layout-flex\" style=\"padding-bottom:0.5rem\">\n<div class=\"wp-block-column is-layout-flow wp-block-column-is-layout-flow\" style=\"flex-basis:40%\"><figure style=\"margin-top:0rem;margin-bottom:0rem;\" class=\"is-style-full-height wp-block-post-featured-image\"><a href=\"https:\/\/gnadenhof-villa-bunt-a-hund.de\/Zuhause\/zuhause\/news\/wir-sind-jetzt-ein-eingetragener-verein\/\" target=\"_self\"  ><img loading=\"lazy\" decoding=\"async\" width=\"300\" height=\"300\" src=\"https:\/\/gnadenhof-villa-bunt-a-hund.de\/wp-content\/uploads\/2025\/09\/logo_villa_bunt-a-hund_www_300x300.jpg\" class=\"attachment-post-thumbnail size-post-thumbnail wp-post-image\" alt=\"Wir sind jetzt ein eingetragener Verein!\" style=\"object-fit:cover;\" srcset=\"https:\/\/gnadenhof-villa-bunt-a-hund.de\/wp-content\/uploads\/2025\/09\/logo_villa_bunt-a-hund_www_300x300.jpg 300w, https:\/\/gnadenhof-villa-bunt-a-hund.de\/wp-content\/uploads\/2025\/09\/logo_villa_bunt-a-hund_www_300x300-100x100.jpg 100w, https:\/\/gnadenhof-villa-bunt-a-hund.de\/wp-content\/uploads\/2025\/09\/logo_villa_bunt-a-hund_www_300x300-150x150.jpg 150w\" sizes=\"auto, (max-width: 300px) 100vw, 300px\" \/><\/a><\/figure><\/div>\n\n\n\n<div class=\"wp-block-column is-layout-flow wp-block-column-is-layout-flow\" style=\"flex-basis:60%\"><h2 class=\"wp-block-post-title\"><a href=\"https:\/\/gnadenhof-villa-bunt-a-hund.de\/Zuhause\/zuhause\/news\/wir-sind-jetzt-ein-eingetragener-verein\/\" target=\"_self\" >Wir sind jetzt ein eingetragener Verein!<\/a><\/h2>\n\n\n<div class=\"wp-block-group has-gray-color has-text-color is-layout-flex wp-container-core-group-is-layout-b5930431 wp-block-group-is-layout-flex\" style=\"margin-top:0.75rem\"><div class=\"has-link-color wp-elements-cce4fe03f4688743d15c97fe3593e3df wp-block-post-date\"><time datetime=\"2025-10-08T16:41:27+01:00\"><a href=\"https:\/\/gnadenhof-villa-bunt-a-hund.de\/Zuhause\/zuhause\/news\/wir-sind-jetzt-ein-eingetragener-verein\/\">8. Oktober 2025<\/a><\/time><\/div>\n\n\n<p>\u2013<\/p>\n\n\n<div class=\"wp-block-post-author\"><div class=\"wp-block-post-author__content\"><p class=\"wp-block-post-author__name\">admin<\/p><\/div><\/div>\n\n\n<p>\u2013<\/p>\n\n\n<div class=\"taxonomy-category has-link-color wp-elements-1650d40ee784534aa037472d17cd5245 wp-block-post-terms\"><a href=\"https:\/\/gnadenhof-villa-bunt-a-hund.de\/Zuhause\/zuhause\/category\/news\/\" rel=\"tag\">News<\/a><\/div><\/div>\n\n\n<div class=\"is-style-read-more-button wp-block-post-excerpt\"><p class=\"wp-block-post-excerpt__excerpt\">Der Gnadenhof Villa Bunt-a-Hund wurde nun in das Vereinsregister eingetragen und darf jetzt ganz offiziell den Zusatz e.V. f\u00fcr eingetragener Verein tragen! Dies<\/p><p class=\"wp-block-post-excerpt__more-text\"><a class=\"wp-block-post-excerpt__more-link\" href=\"https:\/\/gnadenhof-villa-bunt-a-hund.de\/Zuhause\/zuhause\/news\/wir-sind-jetzt-ein-eingetragener-verein\/\">Weiterlesen&#8230;<\/a><\/p><\/div><\/div>\n<\/div>\n\n\n\n<hr class=\"wp-block-separator has-text-color has-light-gray-color has-alpha-channel-opacity has-light-gray-background-color has-background is-style-wide\"\/>\n<\/div>\n\n<\/li><li class=\"wp-block-post post-220 post type-post status-publish format-standard has-post-thumbnail hentry category-veranstaltungen tag-infostand tag-veranstaltung\">\n\n<div class=\"wp-block-group is-layout-flow wp-container-core-group-is-layout-180ffd08 wp-block-group-is-layout-flow\" style=\"margin-bottom:1.25vw;padding-top:0.5rem;padding-right:0.5rem;padding-left:0.5rem\">\n<div class=\"wp-block-columns is-layout-flex wp-container-core-columns-is-layout-5cd39e32 wp-block-columns-is-layout-flex\" style=\"padding-bottom:0.5rem\">\n<div class=\"wp-block-column is-layout-flow wp-block-column-is-layout-flow\" style=\"flex-basis:40%\"><figure style=\"margin-top:0rem;margin-bottom:0rem;\" class=\"is-style-full-height wp-block-post-featured-image\"><a href=\"https:\/\/gnadenhof-villa-bunt-a-hund.de\/Zuhause\/zuhause\/veranstaltungen\/am-27-09-2025-infostand-in-15741-bestensee\/\" target=\"_self\"  ><img loading=\"lazy\" decoding=\"async\" width=\"267\" height=\"400\" src=\"https:\/\/gnadenhof-villa-bunt-a-hund.de\/wp-content\/uploads\/2025\/10\/infostand-info.jpeg\" class=\"attachment-post-thumbnail size-post-thumbnail wp-post-image\" alt=\"Am 27.09.2025 Infostand in 15741 Bestensee\" style=\"object-fit:cover;\" srcset=\"https:\/\/gnadenhof-villa-bunt-a-hund.de\/wp-content\/uploads\/2025\/10\/infostand-info.jpeg 267w, https:\/\/gnadenhof-villa-bunt-a-hund.de\/wp-content\/uploads\/2025\/10\/infostand-info-200x300.jpeg 200w\" sizes=\"auto, (max-width: 267px) 100vw, 267px\" \/><\/a><\/figure><\/div>\n\n\n\n<div class=\"wp-block-column is-layout-flow wp-block-column-is-layout-flow\" style=\"flex-basis:60%\"><h2 class=\"wp-block-post-title\"><a href=\"https:\/\/gnadenhof-villa-bunt-a-hund.de\/Zuhause\/zuhause\/veranstaltungen\/am-27-09-2025-infostand-in-15741-bestensee\/\" target=\"_self\" >Am 27.09.2025 Infostand in 15741 Bestensee<\/a><\/h2>\n\n\n<div class=\"wp-block-group has-gray-color has-text-color is-layout-flex wp-container-core-group-is-layout-b5930431 wp-block-group-is-layout-flex\" style=\"margin-top:0.75rem\"><div class=\"has-link-color wp-elements-cce4fe03f4688743d15c97fe3593e3df wp-block-post-date\"><time datetime=\"2025-10-05T17:01:00+01:00\"><a href=\"https:\/\/gnadenhof-villa-bunt-a-hund.de\/Zuhause\/zuhause\/veranstaltungen\/am-27-09-2025-infostand-in-15741-bestensee\/\">5. Oktober 2025<\/a><\/time><\/div>\n\n\n<p>\u2013<\/p>\n\n\n<div class=\"wp-block-post-author\"><div class=\"wp-block-post-author__content\"><p class=\"wp-block-post-author__name\">admin<\/p><\/div><\/div>\n\n\n<p>\u2013<\/p>\n\n\n<div class=\"taxonomy-category has-link-color wp-elements-1650d40ee784534aa037472d17cd5245 wp-block-post-terms\"><a href=\"https:\/\/gnadenhof-villa-bunt-a-hund.de\/Zuhause\/zuhause\/category\/veranstaltungen\/\" rel=\"tag\">Veranstaltungen<\/a><\/div><\/div>\n\n\n<div class=\"is-style-read-more-button wp-block-post-excerpt\"><p class=\"wp-block-post-excerpt__excerpt\">Schaut vorbei und lernt uns kennen! Am 27.09.2025 m\u00f6chten wir uns euch vorstellen! H\u00f6rt und schaut was wir vorhaben und wie ihr uns<\/p><p class=\"wp-block-post-excerpt__more-text\"><a class=\"wp-block-post-excerpt__more-link\" href=\"https:\/\/gnadenhof-villa-bunt-a-hund.de\/Zuhause\/zuhause\/veranstaltungen\/am-27-09-2025-infostand-in-15741-bestensee\/\">Weiterlesen&#8230;<\/a><\/p><\/div><\/div>\n<\/div>\n\n\n\n<hr class=\"wp-block-separator has-text-color has-light-gray-color has-alpha-channel-opacity has-light-gray-background-color has-background is-style-wide\"\/>\n<\/div>\n\n<\/li><li class=\"wp-block-post post-128 post type-post status-publish format-standard has-post-thumbnail hentry category-news tag-gruemdung tag-news tag-verein\">\n\n<div class=\"wp-block-group is-layout-flow wp-container-core-group-is-layout-180ffd08 wp-block-group-is-layout-flow\" style=\"margin-bottom:1.25vw;padding-top:0.5rem;padding-right:0.5rem;padding-left:0.5rem\">\n<div class=\"wp-block-columns is-layout-flex wp-container-core-columns-is-layout-5cd39e32 wp-block-columns-is-layout-flex\" style=\"padding-bottom:0.5rem\">\n<div class=\"wp-block-column is-layout-flow wp-block-column-is-layout-flow\" style=\"flex-basis:40%\"><figure style=\"margin-top:0rem;margin-bottom:0rem;\" class=\"is-style-full-height wp-block-post-featured-image\"><a href=\"https:\/\/gnadenhof-villa-bunt-a-hund.de\/Zuhause\/zuhause\/news\/heute-war-notartermin\/\" target=\"_self\"  ><img loading=\"lazy\" decoding=\"async\" width=\"267\" height=\"400\" src=\"https:\/\/gnadenhof-villa-bunt-a-hund.de\/wp-content\/uploads\/2025\/10\/notartermin.jpeg\" class=\"attachment-post-thumbnail size-post-thumbnail wp-post-image\" alt=\"Heute war Notartermin!\" style=\"object-fit:cover;\" srcset=\"https:\/\/gnadenhof-villa-bunt-a-hund.de\/wp-content\/uploads\/2025\/10\/notartermin.jpeg 267w, https:\/\/gnadenhof-villa-bunt-a-hund.de\/wp-content\/uploads\/2025\/10\/notartermin-200x300.jpeg 200w\" sizes=\"auto, (max-width: 267px) 100vw, 267px\" \/><\/a><\/figure><\/div>\n\n\n\n<div class=\"wp-block-column is-layout-flow wp-block-column-is-layout-flow\" style=\"flex-basis:60%\"><h2 class=\"wp-block-post-title\"><a href=\"https:\/\/gnadenhof-villa-bunt-a-hund.de\/Zuhause\/zuhause\/news\/heute-war-notartermin\/\" target=\"_self\" >Heute war Notartermin!<\/a><\/h2>\n\n\n<div class=\"wp-block-group has-gray-color has-text-color is-layout-flex wp-container-core-group-is-layout-b5930431 wp-block-group-is-layout-flex\" style=\"margin-top:0.75rem\"><div class=\"has-link-color wp-elements-cce4fe03f4688743d15c97fe3593e3df wp-block-post-date\"><time datetime=\"2025-09-02T19:46:07+01:00\"><a href=\"https:\/\/gnadenhof-villa-bunt-a-hund.de\/Zuhause\/zuhause\/news\/heute-war-notartermin\/\">2. September 2025<\/a><\/time><\/div>\n\n\n<p>\u2013<\/p>\n\n\n<div class=\"wp-block-post-author\"><div class=\"wp-block-post-author__content\"><p class=\"wp-block-post-author__name\">admin<\/p><\/div><\/div>\n\n\n<p>\u2013<\/p>\n\n\n<div class=\"taxonomy-category has-link-color wp-elements-1650d40ee784534aa037472d17cd5245 wp-block-post-terms\"><a href=\"https:\/\/gnadenhof-villa-bunt-a-hund.de\/Zuhause\/zuhause\/category\/news\/\" rel=\"tag\">News<\/a><\/div><\/div>\n\n\n<div class=\"is-style-read-more-button wp-block-post-excerpt\"><p class=\"wp-block-post-excerpt__excerpt\">Heute war es endlich soweit! Wir hatten heute unseren Notartermin um unseren Verein in das Vereinsregister eintragen zu lassen!Nachdem wir unseren Verein gegr\u00fcndet<\/p><p class=\"wp-block-post-excerpt__more-text\"><a class=\"wp-block-post-excerpt__more-link\" href=\"https:\/\/gnadenhof-villa-bunt-a-hund.de\/Zuhause\/zuhause\/news\/heute-war-notartermin\/\">Weiterlesen&#8230;<\/a><\/p><\/div><\/div>\n<\/div>\n\n\n\n<hr class=\"wp-block-separator has-text-color has-light-gray-color has-alpha-channel-opacity has-light-gray-background-color has-background is-style-wide\"\/>\n<\/div>\n\n<\/li><\/ul>\n\n\n<div class=\"wp-block-group is-layout-flow wp-container-core-group-is-layout-defccca5 wp-block-group-is-layout-flow\" style=\"margin-top:1.25vw;padding-right:0.5rem;padding-bottom:0.5rem;padding-left:0.5rem\"><\/div>\n<\/div>\n","protected":false},"excerpt":{"rendered":"<p>Hier m\u00f6chten wir Euch immer auf dem Laufenden halten:<\/p>\n","protected":false},"author":1,"featured_media":0,"parent":0,"menu_order":0,"comment_status":"closed","ping_status":"closed","template":"","meta":{"footnotes":""},"class_list":["post-638","page","type-page","status-publish","hentry"],"featured_image_src":null,"featured_image_url":[],"post_author":"admin","assigned_categories":"","_links":{"self":[{"href":"https:\/\/gnadenhof-villa-bunt-a-hund.de\/Zuhause\/zuhause\/wp-json\/wp\/v2\/pages\/638","targetHints":{"allow":["GET"]}}],"collection":[{"href":"https:\/\/gnadenhof-villa-bunt-a-hund.de\/Zuhause\/zuhause\/wp-json\/wp\/v2\/pages"}],"about":[{"href":"https:\/\/gnadenhof-villa-bunt-a-hund.de\/Zuhause\/zuhause\/wp-json\/wp\/v2\/types\/page"}],"author":[{"embeddable":true,"href":"https:\/\/gnadenhof-villa-bunt-a-hund.de\/Zuhause\/zuhause\/wp-json\/wp\/v2\/users\/1"}],"replies":[{"embeddable":true,"href":"https:\/\/gnadenhof-villa-bunt-a-hund.de\/Zuhause\/zuhause\/wp-json\/wp\/v2\/comments?post=638"}],"version-history":[{"count":1,"href":"https:\/\/gnadenhof-villa-bunt-a-hund.de\/Zuhause\/zuhause\/wp-json\/wp\/v2\/pages\/638\/revisions"}],"predecessor-version":[{"id":639,"href":"https:\/\/gnadenhof-villa-bunt-a-hund.de\/Zuhause\/zuhause\/wp-json\/wp\/v2\/pages\/638\/revisions\/639"}],"wp:attachment":[{"href":"https:\/\/gnadenhof-villa-bunt-a-hund.de\/Zuhause\/zuhause\/wp-json\/wp\/v2\/media?parent=638"}],"curies":[{"name":"wp","href":"https:\/\/api.w.org\/{rel}","templated":true}]}}