{"id":69,"date":"2025-09-26T16:17:48","date_gmt":"2025-09-26T15:17:48","guid":{"rendered":"http:\/\/gnadenhof-villa-bunt-a-hund.de\/?page_id=69"},"modified":"2026-03-03T16:14:08","modified_gmt":"2026-03-03T15:14:08","slug":"zuhause","status":"publish","type":"page","link":"https:\/\/gnadenhof-villa-bunt-a-hund.de\/Zuhause\/zuhause\/","title":{"rendered":"Hereingedackelt&#8230;"},"content":{"rendered":"\n<div class=\"wp-block-columns is-layout-flex wp-container-core-columns-is-layout-28f84493 wp-block-columns-is-layout-flex\">\n<div class=\"wp-block-column is-layout-flow wp-block-column-is-layout-flow\" style=\"flex-basis:25%\">\n<figure class=\"wp-block-image aligncenter size-full\"><img loading=\"lazy\" decoding=\"async\" width=\"1024\" height=\"1024\" src=\"https:\/\/gnadenhof-villa-bunt-a-hund.de\/wp-content\/uploads\/2025\/10\/Dackel.png\" alt=\"\" class=\"wp-image-141\" srcset=\"https:\/\/gnadenhof-villa-bunt-a-hund.de\/wp-content\/uploads\/2025\/10\/Dackel.png 1024w, https:\/\/gnadenhof-villa-bunt-a-hund.de\/wp-content\/uploads\/2025\/10\/Dackel-300x300.png 300w, https:\/\/gnadenhof-villa-bunt-a-hund.de\/wp-content\/uploads\/2025\/10\/Dackel-100x100.png 100w, https:\/\/gnadenhof-villa-bunt-a-hund.de\/wp-content\/uploads\/2025\/10\/Dackel-600x600.png 600w, https:\/\/gnadenhof-villa-bunt-a-hund.de\/wp-content\/uploads\/2025\/10\/Dackel-150x150.png 150w, https:\/\/gnadenhof-villa-bunt-a-hund.de\/wp-content\/uploads\/2025\/10\/Dackel-768x768.png 768w, https:\/\/gnadenhof-villa-bunt-a-hund.de\/wp-content\/uploads\/2025\/10\/Dackel-1000x1000.png 1000w\" sizes=\"auto, (max-width: 1024px) 100vw, 1024px\" \/><\/figure>\n<\/div>\n\n\n\n<div class=\"wp-block-column is-layout-flow wp-block-column-is-layout-flow\" style=\"flex-basis:50%\">\n<p><strong>Willkommen beim Gnadenhof Villa Bunt-a-Hund <br>Ein Zuhause auf Lebenszeit<\/strong><\/p>\n\n\n\n<p>Seit \u00fcber 10 Jahren schl\u00e4gt unser Herz im Rhythmus des Tierschutzes. Mit Leidenschaft, Tr\u00e4nen, unz\u00e4hligen Stunden Arbeit &#8211; und vor allem mit Liebe &#8211; setzen wir uns f\u00fcr die ein, die keine Stimme haben: unsere Tiere.<\/p>\n<\/div>\n\n\n\n<div class=\"wp-block-column is-layout-flow wp-block-column-is-layout-flow\" style=\"flex-basis:25%\">\n<figure class=\"wp-block-image alignright size-full is-resized\"><img loading=\"lazy\" decoding=\"async\" width=\"267\" height=\"400\" src=\"https:\/\/gnadenhof-villa-bunt-a-hund.de\/wp-content\/uploads\/2025\/10\/hereingedackelt2.jpeg\" alt=\"\" class=\"wp-image-171\" style=\"width:165px;height:auto\" srcset=\"https:\/\/gnadenhof-villa-bunt-a-hund.de\/wp-content\/uploads\/2025\/10\/hereingedackelt2.jpeg 267w, https:\/\/gnadenhof-villa-bunt-a-hund.de\/wp-content\/uploads\/2025\/10\/hereingedackelt2-200x300.jpeg 200w\" sizes=\"auto, (max-width: 267px) 100vw, 267px\" \/><\/figure>\n<\/div>\n<\/div>\n\n\n\n<h2 class=\"wp-block-heading\">Tierschutz kennt keine Grenzen<\/h2>\n\n\n\n<p>Ob in fernen L\u00e4ndern oder direkt vor unserer Haust\u00fcr &#8211; das Leid der Tiere ist \u00fcberall sp\u00fcrbar. Im Ausland sehen wir Hunde und Katzen, die auf der Stra\u00dfe geboren werden, ungeliebt, hungrig, krank und oft ohne jede Chance. Viele von ihnen haben niemals eine streichelnde Hand gesp\u00fcrt, sondern nur Tritte, Hunger und Angst erfahren. Wir k\u00f6nnen nicht die Augen verschlie\u00dfen. Wir helfen dort, wo das Leid am gr\u00f6\u00dften ist &#8211; durch Rettungen, durch medizinische Versorgung, durch Vermittlungen und Aufkl\u00e4rung. Jeder einzelne Hund, jede Katze, jedes Tier, jedes Leben z\u00e4hlt!<\/p>\n\n\n\n<h2 class=\"wp-block-heading\">Tierschutz beginnt auch hier &#8211; direkt vor Ort!<\/h2>\n\n\n\n<p>Doch auch hier in Deutschland gibt es viele Tiere, die in Not geraten: abgegeben, vergessen, aussortiert!<br>Alte Hunde, die zu &#8222;anstrengend&#8220; geworden sind. Katzen, die niemand mehr will. Tiere, die ein Zuhause hatten und doch alles verloren haben. Bei uns bekommen sie nicht nur ein Dach \u00fcber dem Kopf, sondern vor allem Zuwendung, F\u00fcrsorge und Liebe. Wir schenken ihnen einen Platz, an dem sie so sein d\u00fcrfen, wie sie sind, mit all ihren Narben, Eigenheiten und Geschichten.<\/p>\n\n\n\n<h2 class=\"wp-block-heading\">Unser Gnadenhof wird ein Ort der Hoffnung!<\/h2>\n\n\n\n<p>Die Villa-Bunt-a-Hund soll mehr werden als nur ein Hof. Sie ist ein Versprechen: Kein Tier soll je wieder Angst vor dem n\u00e4chsten Tag haben m\u00fcssen. Bei uns finden sie Schutz, medizinische Versorgung, gutes Futter und &#8211; das Wichtigste &#8211; Menschen, die sie sehen, achten und lieben.<\/p>\n\n\n\n<p>Viele unserer Tiere d\u00fcrfen hier in Ruhe alt werden, ohne die Sorge, noch einmal ihr Zuhause zu verlieren. Andere finden bei uns die Kraft, um in ein neues Leben bei liebevollen Familien zu starten.<\/p>\n\n\n\n<p>Noch sind wir auf der Suche nach dem passenden Grundst\u00fcck, daher k\u00f6nnen wir aktuell leider noch keine weiteren Tiere aufnehmen!<\/p>\n\n\n\n<h2 class=\"wp-block-heading\">\u00dcber ein Jahrzehnt Herzblut f\u00fcr die Tiere<\/h2>\n\n\n\n<p>Seit mehr als zehn Jahren k\u00e4mpfen wir f\u00fcr den Tierschutz -Tag f\u00fcr Tag, bei Sonne und Regen, mit all unserer Kraft. <\/p>\n\n\n\n<p>Wir wissen: <br>Wir k\u00f6nnen nicht alle retten. Aber f\u00fcr die, die zu uns kommen, ver\u00e4ndern wir die ganze Welt. <br>Und genau das treibt uns an.<\/p>\n\n\n\n<h2 class=\"wp-block-heading\">Gemeinsam sind wir stark.<\/h2>\n\n\n\n<p>Tierschutz ist nicht die Aufgabe einzelner &#8211; es ist ein Band, das uns alle verbindet. <br>Jeder der hilft, tr\u00e4gt dazu bei: durch Spenden, Patenschaften, durch Zeit, durch ein offenes Herz. <\/p>\n\n\n\n<p><strong>Nur gemeinsam k\u00f6nnen wir Tieren die Zukunft schenken, die sie verdienen!<\/strong><\/p>\n\n\n\n<p><\/p>\n\n\n\n<p><\/p>\n","protected":false},"excerpt":{"rendered":"<p>Willkommen beim Gnadenhof Villa Bunt-a-Hund Ein Zuhause auf Lebenszeit Seit \u00fcber 10 Jahren schl\u00e4gt unser Herz im Rhythmus des Tierschutzes. Mit Leidenschaft, Tr\u00e4nen, [&hellip;]<\/p>\n","protected":false},"author":1,"featured_media":0,"parent":0,"menu_order":0,"comment_status":"closed","ping_status":"closed","template":"","meta":{"footnotes":""},"class_list":["post-69","page","type-page","status-publish","hentry"],"featured_image_src":null,"featured_image_url":[],"post_author":"admin","assigned_categories":"","_links":{"self":[{"href":"https:\/\/gnadenhof-villa-bunt-a-hund.de\/Zuhause\/zuhause\/wp-json\/wp\/v2\/pages\/69","targetHints":{"allow":["GET"]}}],"collection":[{"href":"https:\/\/gnadenhof-villa-bunt-a-hund.de\/Zuhause\/zuhause\/wp-json\/wp\/v2\/pages"}],"about":[{"href":"https:\/\/gnadenhof-villa-bunt-a-hund.de\/Zuhause\/zuhause\/wp-json\/wp\/v2\/types\/page"}],"author":[{"embeddable":true,"href":"https:\/\/gnadenhof-villa-bunt-a-hund.de\/Zuhause\/zuhause\/wp-json\/wp\/v2\/users\/1"}],"replies":[{"embeddable":true,"href":"https:\/\/gnadenhof-villa-bunt-a-hund.de\/Zuhause\/zuhause\/wp-json\/wp\/v2\/comments?post=69"}],"version-history":[{"count":10,"href":"https:\/\/gnadenhof-villa-bunt-a-hund.de\/Zuhause\/zuhause\/wp-json\/wp\/v2\/pages\/69\/revisions"}],"predecessor-version":[{"id":558,"href":"https:\/\/gnadenhof-villa-bunt-a-hund.de\/Zuhause\/zuhause\/wp-json\/wp\/v2\/pages\/69\/revisions\/558"}],"wp:attachment":[{"href":"https:\/\/gnadenhof-villa-bunt-a-hund.de\/Zuhause\/zuhause\/wp-json\/wp\/v2\/media?parent=69"}],"curies":[{"name":"wp","href":"https:\/\/api.w.org\/{rel}","templated":true}]}}